what is 651905 + 0?
651905
In base 16, what is 1d + -521?
-504
In base 11, what is 1166a + -2?
11668
In base 6, what is 1020 + -5?
1011
In base 4, what is 30132 + 30001?
120133
In base 8, what is 64074 - 5?
64067
In base 6, what is 20212152 - -4?
20212200
In base 2, what is -1101011111111011 + 10101?
-1101011111100110
In base 3, what is -2 - -120021122111?
120021122102
In base 7, what is -13 - 2543124?
-2543140
In base 2, what is 1001101001 - -110000?
1010011001
In base 3, what is -112110 - -22122211?
22010101
In base 14, what is 51 + -1896?
-1845
In base 2, what is 10000010100 - -11110?
10000110010
In base 7, what is -10 + 35662?
35652
In base 16, what is -922f5 - 0?
-922f5
In base 11, what is -6603 + 6?
-65a8
In base 12, what is 44 + 15?
59
In base 7, what is 245 - -6233?
6511
In base 4, what is -32 + -200213?
-200311
In base 7, what is 122624 - -2?
122626
In base 2, what is 110 + -100110000110011001?
-100110000110010011
In base 11, what is -3 - 123a88?
-123a90
In base 2, what is 100100 - 100010000?
-11101100
In base 9, what is -367 + -7?
-375
In base 4, what is -11 + 12000020?
12000003
In base 15, what is -4a64 + b?
-4a58
In base 9, what is 4844 - -73?
5027
In base 5, what is 130114304 - 10?
130114244
In base 16, what is -4a2b - -5?
-4a26
In base 7, what is 314535 + -2?
314533
In base 2, what is 11110111 + -110100011010?
-110000100011
In base 6, what is 240432 - 101?
240331
In base 3, what is -11101 - -100200211?
100112110
In base 4, what is -102000 - -20002?
-21332
In base 11, what is 1a90 + 6?
1a96
In base 7, what is 1 + -52551?
-52550
In base 12, what is 3a9a + 7?
3aa5
In base 8, what is 5 + -13607?
-13602
In base 12, what is -49 - -42?
-7
In base 13, what is 621b - 0?
621b
In base 14, what is 9a07 - -16?
9a1d
In base 5, what is 3 - -414102420?
414102423
In base 15, what is 3c09 + -c?
3bec
In base 15, what is c1 - 1dc9?
-1d08
In base 2, what is 0 - 11010110011011101001?
-11010110011011101001
In base 4, what is -11011302 + 1121?
-11010121
In base 12, what is 1 - 140558?
-140557
In base 5, what is 3212 - -21?
3233
In base 13, what is 2 + 9742?
9744
In base 12, what is -19 - 223a?
-2257
In base 10, what is 21861 - -58?
21919
In base 8, what is 1 - -57005?
57006
In base 14, what is -2 + -30004?
-30006
In base 2, what is 1 + 1010010111110?
1010010111111
In base 9, what is -12430 + 0?
-12430
In base 3, what is 10 - -20201201022?
20201201102
In base 10, what is -60397 + -7?
-60404
In base 4, what is -33100021 - 11?
-33100032
In base 7, what is -26246 - -166?
-26050
In base 14, what is 1845 + 364?
1ba9
In base 2, what is -100000 - -10000100011100?
10000011111100
In base 10, what is -11 + 5821?
5810
In base 5, what is 1 - 30444004?
-30444003
In base 11, what is -84a82 - 5?
-84a87
In base 12, what is 8a9 + 64?
951
In base 14, what is 2963 - 53?
2910
In base 3, what is 212021 - -202?
220000
In base 13, what is 3b77 - -1c0?
4067
In base 12, what is 10 + -1348?
-1338
In base 16, what is 2 + 837ce?
837d0
In base 16, what is -a + 1182f?
11825
In base 15, what is -4 - 18243a?
-18243e
In base 12, what is 13 - -2711?
2724
In base 7, what is -56 + 4205?
4116
In base 3, what is 1121211 + -2222102?
-1100121
In base 7, what is -103336 - -6?
-103330
In base 13, what is -260c70 - 4?
-260c74
In base 5, what is 1210 - -1043?
2303
In base 5, what is -1142430211 + 10?
-1142430201
In base 8, what is 333574 - 7?
333565
In base 5, what is 10023340 + -103?
10023232
In base 4, what is 13202031 + 2?
13202033
In base 15, what is -2 + a7ce?
a7cc
In base 4, what is 13003 - 303?
12100
In base 11, what is 7747 + 13?
775a
In base 9, what is -1447 + -2213?
-3661
In base 6, what is 3 + -343014?
-343011
In base 5, what is -240411314 - 2?
-240411321
In base 6, what is 221502 - -1212?
223114
In base 7, what is -1 - -13424?
13423
In base 6, what is 101500241 + -3?
101500234
In base 6, what is -21534 - -30?
-21504
In base 15, what is a - -2ba?
2c5
In base 11, what is 64444 + -4?
64440
In base 6, what is 1 - -230213?
230214
In base 10, what is 42063 - -2?
42065
In base 8, what is -41563 + 263?
-41300
In base 3, what is -1211 + 11022002?
11020021
In base 10, what is 28791 + -66?
28725
In base 14, what is 6 - 147?
-141
In base 10, what is -1206 + 5?
-1201
In base 14, what is -174906 + 0?
-174906
In base 8, what is 14 - 12200?
-12164
In base 4, what is -103211133 - 11?
-103211210
In base 12, what is -2940063 - -3?
-2940060
In base 11, what is 204 + -93?
121
In base 2, what is 101 + -1011010011111100?
-1011010011110111
In base 10, what is -823 + 41?
-782
In base 14, what is -5 - 3a4b?
-3a52
In base 2, what is -100001110010101 + 10010000?
-100001100000101
In base 11, what is 21 + 3957?
3978
In base 13, what is 6436 + 15?
644b
In base 15, what is 13a - -78?
1b3
In base 14, what is 3c43 + 36?
3c79
In base 16, what is -457 - -4f?
-408
In base 11, what is 169 - 812?
-654
In base 11, what is -1697 + 107?
-1590
In base 3, what is 110012000201 - 1?
110012000200
In base 8, what is -41226 - 3?
-41231
In base 15, what is 51d - ea?
423
In base 11, what is 3 - -183372?
183375
In base 16, what is -3 - -1dbc?
1db9
In base 2, what is -10000110110 - -11001?
-10000011101
In base 5, what is -11131442 + 2?
-11131440
In base 11, what is 8a6a - -85?
9044
In base 2, what is 100100000110111010100 - 101?
100100000110111001111
In base 3, what is -121210 - -1101010?
202100
In base 5, what is 112 - -3013234?
3013401
In base 8, what is -267 - 27367?
-27656
In base 11, what is -256 - 74?
-31a
In base 6, what is 45530 - 1452?
44034
In base 8, what is -25377 - -10?
-25367
In base 4, what is 1201300132 - 10?
1201300122
In base 8, what is -7 - 31466?
-31475
In base 6, what is -23 + -101405?
-101432
In base 8, what is 117274 + -10?
117264
In base 14, what is c7 - 7b?
4a
In base 11, what is 2 + -22750?
-22749
In base 8, what is 4273342 + 3?
4273345
In base 16, what is -5 + 1d3?
1ce
In base 7, what is -30 - 16531?
-16561
In base 9, what is 6614 + -12?
6602
In base 6, what is -35452214 - -2?
-35452212
In base 14, what is -3216 + -2?
-3218
In base 12, what is -3 - -82060?
82059
In base 2, what is -111111110111010011 - 10?
-111111110111010101
In base 9, what is -4 - -2621?
2616
In base 16, what is 13c - 1c6f?
-1b33
In base 16, what is -6fb - -19?
-6e2
In base 2, what is 111010011 + -1111100?
101010111
In base 12, what is -147 - 1002b?
-10176
In base 7, what is 3 - -5616226?
5616232
In base 9, what is 3 + 5846?
5850
In base 10, what is -2036 - -47?
-1989
In base 10, what is 4 - -34867?
34871
In base 8, what is 64415 + -1?
64414
In base 15, what is -72c + -17?
-744
In base 12, what is -11 + -588?
-599
In base 2, what is -10 + -1001000010111110?
-1001000011000000
In base 16, what is -1991 + 1?
-1990
In base 8, what is 0 - 732127?
-732127
In base 6, what is -124 + -1214?
-1342
In base 14, what is -da + 29?
-b1
In base 14, what is c5 + 29?
110
In base 8, what is 13607535 - 4?
13607531
In base 6, what is 415 - 1545?
-1130
In base 4, what is 23332010 - 1?
23332003
In base 16, what is c7a20 + -1?
c7a1f
In base 5, what is -23 - 1003222?
-1003300
In base 7, what is 12336061 + 5?
12336066
In base 7, what is -41144 - -21?
-41123
In base 15, what is -17148 - -2?
-17146
In base 4, what is 1121332030 + 2?
1121332032
In base 5, what is 31130 + -1?
31124
In base 15, what is -1be38 - 7?
-1be40
In base 7, what is 50024 + -56?
46635
In base 5, what is -322 + -20241?
-21113
In base 3, what is -11202002221 - -12?
-11202002202
In base 9, what is -54748 - -10?
-54738
In base 6, what is -1140 + 43234?
42054
In base 7, what is 6 + 14061?
14100
In base 16, what is 1f3 + -148?
ab
In base 16, what is -7a - 270?
-2ea
In base 8, what is 4 + -2055?
-2051
In base 16, what is -479d + f?
-478e
In base 8, what is -13354 + 2?
-13352
In base 3, what is 101 + -11222?
-11121
In base 6, what is -242152 - -1?
-242151
In base 9, what is 536 - -20?
556
In base 7, what is -21136 - -1041?
-20065
In base 3, what is 10 - 21020111100?
-21020111020
In base 9, what is -1604 - 1?
-1605
In base 7, what is 2345206 + 2?
2345211
In base 11, what is 228 + -94?
144
In base 12, what is -340 + 5?
-337
In base 4, what is -31303 - -20?
-31223
In base 2, what is -1011001110 - 1100101010000?
-1110000011110
In base 15, what is 1 + 42a6?
42a7
In base 8, what is 524 + -61?
443
In base 10,